1 a composite number?
False
Is 3109 a prime number?
True
Is 4927 composite?
True
Is 6521 prime?
True
Is 13649 prime?
True
Is 4109 a prime number?
False
Is 831 a prime number?
False
Is 100907 prime?
True
Is 5147 composite?
False
Is 7787 prime?
False
Is 16277 a prime number?
False
Is 657187 a composite number?
False
Is 1685 prime?
False
Is 31883 composite?
False
Is 277331 prime?
True
Is 23423 a composite number?
True
Is 247991 a prime number?
True
Is 59333 a prime number?
True
Is 162523 a composite number?
False
Is 13577 prime?
True
Is 55181 prime?
False
Is 139393 composite?
False
Is 64941 a prime number?
False
Is 1630067 a composite number?
True
Is 1514 a prime number?
False
Is 22229 prime?
True
Is 135613 prime?
True
Is 61637 prime?
True
Is 68399 a prime number?
True
Is 295541 composite?
False
Is 74506 a composite number?
True
Is 14979 composite?
True
Is 53189 a composite number?
False
Is 77483 a prime number?
False
Is 20411 prime?
True
Is 18041 composite?
False
Is 12197 a prime number?
True
Is 312905 prime?
False
Is 5631 a prime number?
False
Is 10723 a prime number?
True
Is 998 prime?
False
Is 3288713 prime?
True
Is 136921 a prime number?
False
Is 159521 a composite number?
False
Is 16941 prime?
False
Is 4910174 composite?
True
Is 178951 a prime number?
True
Is 6667 a prime number?
False
Is 3490855 composite?
True
Is 55871 prime?
True
Is 294431 a prime number?
True
Is 167131 prime?
False
Is 353389 a composite number?
False
Is 400745 a prime number?
False
Is 53773 composite?
False
Is 175727 composite?
False
Is 270097 prime?
True
Is 2183 composite?
True
Is 17729 a prime number?
True
Is 6387 prime?
False
Is 31102 composite?
True
Is 1343197 a composite number?
False
Is 49331 composite?
False
Is 885839 a composite number?
False
Is 798251 a composite number?
False
Is 183461 a prime number?
True
Is 95267 prime?
True
Is 2134655 prime?
False
Is 1369619 composite?
False
Is 9943 a composite number?
True
Is 1706 a composite number?
True
Is 253757 a prime number?
False
Is 312257 a prime number?
False
Is 15499 a prime number?
False
Is 39953 a composite number?
False
Is 10847 prime?
True
Is 174821 a composite number?
False
Is 1025929 a prime number?
True
Is 280331 a prime number?
False
Is 37939 a prime number?
False
Is 16837 a composite number?
True
Is 588037 composite?
False
Is 717946 composite?
True
Is 2503 composite?
False
Is 188537 composite?
True
Is 32831 prime?
True
Is 184511 prime?
True
Is 349361 a prime number?
False
Is 1597 a prime number?
True
Is 211921 a prime number?
False
Is 449507 prime?
False
Is 2183 a composite number?
True
Is 1247 a prime number?
False
Is 547199 a composite number?
True
Is 358031 composite?
False
Is 37951 a prime number?
True
Is 1154441 a prime number?
False
Is 587 composite?
False
Is 6113 prime?
True
Is 4799263 a prime number?
False
Is 26623 a prime number?
False
Is 784907 a prime number?
False
Is 16223 a prime number?
True
Is 13213 prime?
False
Is 4187 a composite number?
True
Is 6607 a prime number?
True
Is 3163 a composite number?
False
Is 11617 a composite number?
False
Is 91331 a composite number?
False
Is 150131 composite?
False
Is 20287 composite?
False
Is 780841 prime?
True
Is 1812817 composite?
False
Is 3511 a composite number?
False
Is 5524147 a composite number?
False
Is 865723 composite?
True
Is 5981 a prime number?
True
Is 1036337 composite?
True
Is 19579 composite?
True
Is 8849 composite?
False
Is 2920427 a composite number?
False
Is 313399 composite?
False
Is 13273 composite?
True
Is 483221 a composite number?
False
Is 102461 prime?
True
Is 87391 prime?
False
Is 61331 a composite number?
False
Is 4301347 composite?
False
Is 36169 a prime number?
False
Is 1165 prime?
False
Is 106103 a prime number?
True
Is 44531 a composite number?
False
Is 20627 a prime number?
True
Is 533161 a composite number?
True
Is 11981 prime?
True
Is 46769 a composite number?
False
Is 72953 a composite number?
False
Is 5971 composite?
True
Is 7753 a composite number?
False
Is 3389219 a composite number?
False
Is 4595 a prime number?
False
Is 53161 a prime number?
True
Is 631817 a composite number?
False
Is 587 a prime number?
True
Is 22087 a prime number?
False
Is 17569 a prime number?
True
Is 21269 prime?
True
Is 24829 prime?
False
Is 1043401 a composite number?
False
Is 9277 composite?
False
Is 11246 composite?
True
Is 93683 a prime number?
True
Is 487363 composite?
False
Is 133 a prime number?
False
Is 10297 composite?
True
Is 7063 a composite number?
True
Is 519119 a prime number?
True
Is 54771 composite?
True
Is 8861 prime?
True
Is 11509 composite?
True
Is 492757 prime?
True
Is 3847 a composite number?
False
Is 20494 a composite number?
True
Is 29195 composite?
True
Is 5647 a prime number?
True
Is 12307 composite?
True
Is 92987 a prime number?
True
Is 11311 a composite number?
False
Is 995773 prime?
False
Is 34739 a prime number?
True
Is 22739 a composite number?
False
Is 3307 a composite number?
False
Is 163517 a composite number?
False
Is 385709 a composite number?
False
Is 247 a prime number?
False
Is 432658 composite?
True
Is 1753279 prime?
False
Is 42261 a composite number?
True
Is 3719 a composite number?
False
Is 1634531 a prime number?
True
Is 762607 a prime number?
False
Is 84629 composite?
False
Is 521 a prime number?
True
Is 282839 a composite number?
True
Is 46339 a prime number?
False
Is 19191 a composite number?
True
Is 7411 a composite number?
False
Is 90561 prime?
False
Is 647 composite?
False
Is 85913 composite?
True
Is 133737 a composite number?
True
Is 53951 prime?
True
Is 11759 a prime number?
False
Is 15659 a composite number?
True
Is 17933 a composite number?
True
Is 28058 composite?
True
Is 62027 a prime number?
False
Is 10931 a prime number?
False
Is 76207 prime?
True
Is 4645 composite?
True
Is 31163 a prime number?
False
Is 58451 prime?
True
Is 51581 a prime number?
True
Is 31757 composite?
True
Is 15941 composite?
True
Is 20337 a composite number?
True
Is 45481 a composite number?
False
Is 3449 a composite number?
False
Is 32363 prime?
True
Is 1202741 a composite number?
False
Is 200971 prime?
True
Is 184151 composite?
True
Is 12889 a prime number?
True
Is 4789 prime?
True
Is 44879 a composite number?
False
Is 238547 composite?
False
Is 664343 a composite number?
True
Is 1346 a prime number?
False
Is 75307 prime?
True
Is 257053 a composite number?
False
Is 64589 prime?
False
Is 1348567 a composite number?
True
Is 186887 a composite number?
True
Is 19519 a prime number?
False
Is 47267 a composite number?
True
Is 18731 prime?
True
Is 787 a composite number?
False
Is 1830733 a composite number?
False
Is 320699 a composite number?
False
Is 17651 prime?
False
Is 74966 composite?
True
Is 53 a composite number?
False
Is 103331 composite?
True
Is 1543 prime?
True
Is 1949 a composite number?
False
Is 14227 prime?
False
Is 60509 a composite number?
False
Is 6077 a prime number?
False
Is 11639 composite?
True
Is 186779 composite?
True
Is 234433 composite?
True
Is 1892197 a prime number?
True
Is 819023 a composite number?
True
Is 47555 composite?
True
Is 4678 composite?
True
Is 5563 prime?
True
Is 44617 prime?
True
Is 373783 prime?
True
Is 4805231 a prime number?
True
Is 28115 composite?
True
Is 18899 prime?
True
Is 28123 prime?
True
Is 32707 a prime number?
True
Is 34483 composite?
False
Is 569189 prime?
True
Is 1423535 a composite number?
True
Is 1690003 prime?
False
Is 2351 prime?
True
Is 242659 a prime number?
True
Is 388541 a prime number?
True
Is 3849 a composite number?
True
Is 145207 prime?
True
Is 173281 composite?
True
Is 7207 composite?
False
Is 37579 a prime number?
True
Is 439617 composite?
True
Is 571 a composite number?
False
Is 3071 a prime number?
False
Is 10219 a composite number?
True
Is 36263 a composite number?
False
Is 476522 prime?
False
Is 13097 composite?
True
Is 741509 composite?
False
Is 46523 prime?
True
Is 19829 prime?
False
Is 39499 prime?
True
Is 101353 a composite number?
True
Is 188047 a composite number?
True
Is 1362479 composite?
False
Is 6953 a composite number?
True
Is 3126835 prime?
False
Is 56417 a prime number?
True
Is 46639 a prime number?
True
Is 1973 prime?
True
Is 587 a prime number?
True
Is 456283 a composite number?
False
Is 280639 a composite number?
False
Is 43919